 is 0 - (-3 - (5 + -4 - 0))?
4
Calculate -7 - ((16 - 7) + -23).
7
-1 - ((3 - -3) + -17)
10
Calculate -17 + 12 - (-3 + -1) - -6.
5
What is -12 - -5 - -2 - (-5 + 2)?
-2
What is the value of (6 - (9 + -4)) + 4?
5
What is the value of (9 - 5) + 2 + 1 + -2?
5
Evaluate -3 + (-1 - (8 + (0 - 5))).
-7
Calculate -2 - (1 + 0) - (15 + -13).
-5
Calculate -4 + (1 + -7 - -9).
-1
Calculate 1 + 1 + 1 - 6.
-3
5 + 4 + -11 + 1 + 1
0
Evaluate 20 + -25 - (0 + 0).
-5
What is 6 - (-7 - -2 - -9)?
2
What is the value of 4 - (-8 + 7 - -6)?
-1
Evaluate -8 + 2 + 32 + -18.
8
Calculate -4 - ((-1 - 0) + 2).
-5
Calculate 2 + -7 + (3 - -1 - 0).
-1
What is -6 + -1 - -11 - 3?
1
Evaluate -4 - (5 + (0 - 3)) - -3.
-3
Evaluate 2 + -9 + (-2 - (-2 + -2)).
-5
What is the value of -3 + -1 + (-3 - -6) + -3?
-4
Evaluate -4 - (1 + -4 + -1 + 4).
-4
-1 + (1 - -1) + 1 - 0
2
What is 3 - ((3 - -10) + -9)?
-1
-50 + 46 + -1 + 8
3
Evaluate -1 + 3 - ((-4 - 3) + 9).
0
Calculate -4 - (1 - 1 - 5).
1
Evaluate 1 + -5 - -3 - 1 - -5.
3
What is the value of -5 + 5 + -6 + 8 + 2?
4
-3 - (18 + -9 - 0 - 8)
-4
What is -2 - (-4 + -3 + 1)?
4
What is 6 - 3 - (6 - 7)?
4
What is 15 + -15 + (1 - 2)?
-1
Evaluate (2 - 1) + (6 - 3).
4
What is 0 + 5 + (10 - 9)?
6
What is (-1 - -1) + (0 + 8 - 5)?
3
3 + -1 + (19 - 19)
2
Calculate -6 - -6 - (-3 + (1 - 0)).
2
What is (24 + -9 - 4) + -12?
-1
What is (10 - (2 + 4)) + -9?
-5
Calculate -2 - (-6 + 5 - (-3 - -1)).
-3
Evaluate -1 + (-6 + 1 - -2).
-4
What is (5 - 1) + -8 + 7?
3
Evaluate -3 + -4 + (13 - 5).
1
-7 - (9 - (3 + 12))
-1
Calculate 0 + (1 - (0 - -2)).
-1
What is the value of 6 + (6 - 11) + -8?
-7
What is the value of 4 - (7 - 5 - (1 - -1))?
4
Calculate -5 - (3 + (8 - 17)).
1
Evaluate 3 - (-3 + 4 + 2 - 1).
1
-7 - (-1 - 0 - (9 - 3))
0
What is (1 - -2 - 14) + 11?
0
What is -3 + (-17 - -24) + 0 + -6?
-2
What is the value of 0 + -4 + (-1 - -1)?
-4
-2 + -2 + (-3 - -11)
4
What is -1 + 5 + -2 + (-32 - -31)?
1
Calculate 0 - (-3 + (2 - 4)).
5
What is the value of 1 - (-14 - -5 - -4)?
6
What is 9 + (8 + -2 - 8)?
7
What is 12 - 4 - (25 - 19)?
2
What is the value of -13 + -19 + 30 + (-3 - 2)?
-7
What is 4 + (-21 - -19) + (2 - -2)?
6
Evaluate 0 + (2 - 6) - -5.
1
What is 11 + -12 + 4 - 1?
2
What is the value of -1 - (-6 + 9 - 7)?
3
-9 - ((9 - 28) + (10 - 3))
3
Calculate (1 - 2) + -1 + 2 - -2.
2
Calculate 7 + (-7 - (4 - -3 - 7)).
0
What is the value of 0 + 0 + -1 - (10 - 9)?
-2
What is 0 + 6 - (0 + 26 - 21)?
1
What is the value of -7 + (-3 - -3) + 7 + -1?
-1
Evaluate -4 - (-3 + (1 - -1)).
-3
Evaluate 7 + (15 + -16 - (1 - -1)).
4
What is the value of -13 - (-34 + 2 + 10)?
9
Calculate (-3 - -1) + (-21 - -25).
2
What is -11 + 10 + 2 + 4?
5
What is the value of (66 - 65) + -2 + (-2 - -2)?
-1
What is the value of 0 - (-1 - (-1 + -2))?
-2
Evaluate 6 + 7 + 0 + -8.
5
What is -1 - (0 - (-6 + 3 - -6))?
2
What is (1 - -1 - 3) + 5?
4
Calculate 6 - ((-10 - -3) + 15).
-2
Evaluate 5 + -12 - -2 - -1.
-4
Evaluate 2 + -2 + 4 + -5 + 2.
1
What is 2 - (9 - (-1 - -6))?
-2
Calculate (0 - -7) + -13 + 1.
-5
What is the value of (0 - -3) + (-7 - -6) - 1?
1
Evaluate -18 + 8 + 19 + -1.
8
-6 + (-2 - 0) + 5
-3
-1 - (-5 - (1 - 1 - 2))
2
What is the value of (-4 - (-8 + 4)) + -2?
-2
20 + -25 - (-10 - -2)
3
What is (-7 - -2) + 3 - 2?
-4
4 + 4 + (1 + -6 - 2)
1
What is the value of (7 - -3 - 13) + (1 - -6)?
4
Calculate 5 - (-3 - -7) - 0.
1
(20 - 11) + 6 + -16
-1
-7 - (1 - 10) - -4
6
What is (-3 - 1) + 7 - 1?
2
What is the value of 3 - (-3 + 13 - -1)?
-8
-6 + 0 + -3 + 6 + -2
-5
8 + 1 + -8 - 3
-2
Calculate 4 + -9 - (0 + -1) - 1.
-5
Evaluate -3 - (-4 + 13 - 19).
7
Evaluate 20 + -22 + (2 - -6).
6
Calculate -11 + (8 + -12 - -11).
-4
What is (3 + 1 - (-26 - -36)) + -1?
-7
-5 - (-2 + 3 - 3)
-3
Evaluate -1 - -1 - (-4 + 1 - 0).
3
Evaluate 5 + -14 + 7 + -4.
-6
Evaluate 2 + 6 + 24 + -29.
3
-3 - (1 + 2 - 9)
3
4 - ((-1 - -11) + -1)
-5
Calculate 0 - (4 + -4 + 3).
-3
What is the value of -11 + 13 + (0 - -3)?
5
Calculate -7 + 3 + 3 - -5.
4
What is the value of 13 - (0 - (6 + -14))?
5
Evaluate 0 + 0 + 0 + 3.
3
What is the value of -3 - (-1 - (-1 - (-4 + 2)))?
-1
What is -8 + 2 - 0 - (-3 + 3)?
-6
What is the value of 8 + -12 + -2 - -1?
-5
What is (-6 - (-12 - -6)) + 0 + 5?
5
What is the value of -1 - 1 - (-4 - 2)?
4
What is 5 - 3 - (-2 + 5 - 0)?
-1
What is (8 - 3) + (-2 - 3)?
0
What is 3 + -6 + 1 + 3?
1
4 + (-8 - -9 - 10)
-5
Evaluate -1 - (10 + -14) - 3.
0
What is the value of 4 + 0 + -3 + -5 + 1?
-3
Calculate 110 - 117 - (1 - 12).
4
What is the value of 2 - (10 - (1 - -4))?
-3
What is the value of (2 - 0) + (-9 - (1 + -11))?
3
-4 + -1 + (-14 - -18)
-1
Calculate 5 + -1 - 9 - (-3 - 1).
-1
Calculate -8 + 67 + -56 + (0 - 7).
-4
What is the value of (2 - -5 - (6 - 4)) + -11?
-6
What is -4 + 0 - (-28 + 11 + 20)?
-7
9 + -7 - (-1 - 0)
3
3 - (1 + 4 + 0 + -4)
2
Calculate 5 + -3 + 1 - (10 + -2).
-5
What is -3 + 2 + 11 + (-4 - 2)?
4
What is the value of (-3 - 1 - -8) + -4?
0
Calculate -7 + (1 - -3) - 0.
-3
What is (-8 - -14) + (0 - 7)?
-1
What is -2 + 7 - 4 - (8 - 4)?
-3
Evaluate (-4 - (3 + -2)) + -5 + 4.
-6
(-6 - -12) + 1 + -5
2
-8 - ((-4 - -7) + -10)
-1
(2 - -2 - 4) + -5
-5
6 + -8 - (4 - -1 - 4)
-3
Calculate (3 - -1) + -4 + 8 + -8.
0
Calculate 9 + 0 + -6 + (-1 - -6).
8
What is the value of 2 + -3 - (26 + -32)?
5
Calculate (5 - (7 - -4)) + 1.
-5
Calculate -6 - (-1 - (0 - -7)).
2
What is the value of 0 + (0 - (-2 - 1)) - 2?
1
1 + -10 + 4 - (2 + 1)
-8
What is -214 + 211 + (0 - 8)?
-11
What is -12 - (-9 - -7 - 7)?
-3
What is the value of (-10 + 4 - -10) + -1?
3
Calculate 3 + 1 + -4 + 1 + -4.
-3
Calculate -5 + 6 + 1 + -3 + -6.
-7
-1 + 7 + -5 - 4 - -7
4
Calculate 1 - (6 - 3) - -5.
3
6 - (-2 - (-7 + 1 - -4))
6
Evaluate 3 - -3 - (-4 + 5).
5
Evaluate (-6 - (-5 - 0)) + 4 + -1.
2
(-10 - (-3 - 2)) + -3
-8
What is the value of (-1 - (4 + -3 + -1)) + 0?
-1
What is (1 - 2 - -2 - 4) + -1?
-4
-2 + 2 + -3 - -4
1
-4 + (2 - (-4 + 3))
-1
What is 0 - (-3 + -3 + 2 + -1)?
5
Calculate -7 - (-11 + 9) - 1.
-6
Calculate 7 + -7 + 0 + -3.
-3
2 + -1 + 3 - (-12 - -16)
0
(-25 - -5) + 12 - -7
-1
(2 - -5) + -3 + -6
-2
Calculate (6 - -1) + -36 + 31.
2
Calculate (1 - -7) + (-9 - -4).
3
1 + 0 - ((3 - 9) + 2)
5
What is the value of -1 + -4 - (-8 - (10 - 9))?
4
4 + (4 + 5 + -7 - 1)
5
-8 + (-3 - -8 - 2)
-5
What is the value of 5 - (0 + -5 + 5)?
5
Calculate 4 + 5 + -3 + -2.
4
1 + -9 - (-1 - (0 + 3))
-4
Evaluate -9 + (1 - (-3 + 1)) + 3.
-3
Evaluate (5 - 0 - 3) + (1 - 2).
1
0 + -3 + 1 - (-17 - -14)
1
What is (-14 - -8) + 1 + 15?
10
Calculate -2 + (-2 - (-2 + 1) - 1).
-4
Calculate -5 + (-5 - -8) + 2.
0
Evaluate -9 - (-4 - (11 + -12)).
-6
What is -1 + 3 + 5 + -1 + -3?
3
What is the value of -7 - (-5 - -7) - -10?
1
Evaluate -12 - (0 - (-4 - -13)).
-3
What is the value of 0 + (-6 - -2 - -8)?
4
Evaluate (1 - -3 - 1) + 4 + -12.
-5
What is the value of -25 + 20 - (1 - 7)?
1
Evaluate (-4 - 3) + (-7 - -19).
5
Evaluate -4 + 1 - (-10 + 12).
-5
What is the value of 8 + -2 + -10 - -6?
2
What is -2 - 3 - (-1 - 0)?
-4
(1 + 0 - 5) + -9 + 11
-2
Evaluate -1 + 3 + 4 + -11 + 3.
-2
What is the value of 5 - (-5 + (-4 - -11)) - -4?
7
What is the value of (4 - 0 - (3 + 0)) + 3?
4
What is -5 - -2 - (5 - (10 - 4))?
-2
Evaluate (-18 - -22) + (-7 - -1) + 6.
4
Calculate (-49 - -56) + 0 + -2.
5
Calculate (-1 - -5) + (4 - 3) - 2.
3
What is 5 - 1 - (82 + -80)?
2
Evaluate 1 + -3 + (46 - 49) - -5.
0
What is 10 - 11 - (-3 + (8 - 4))?
-2
Calculate 15 - 8 - (2 + 2).
3
4 + -2 + 3 - 3
2
What is (-7 - -5) + -6 + 7?
-1
2 - (4 - (-1 - 1))
-4
What is the value of -3 + (-2 - -6 - 4)?
-3
Calculate 2 + (8 - (12 + -3)).
1
1 - (-1 - (0 + -5))
-3
Calculate -4 - (-7 + (9 - -3) - 8).
-1
What is 12 + -2 - 6 - (0 + 2)?
2
0 + 6 + 2 - (-1 - -1)
8
Calculate (-6 - -4) + 4 + 3 + -3.
2
What is the value of -4 + (2 - (5 + -5)) - 4?
-6
0 + (-3 + 0 - -5) + -3
-1
What is the value of -8 + 12 + 5 - 11?
-2
What is 1 + 1 + (-10 - -2) - -11?
5
Calculate -1 + 3 + -1 + -6.
-5
What is 6 + (6 - 12) - (-4 - -2)?
2
What is (-7 - -4) + -7 + 5 - -5?
0
3 + (8 - 3 - (2 + 8))
-2
What is (6 - 13) + 8 + -1 + -1?
-1
Calculate 11 - -1 - (24 + -15).
3
Calculate -1 - (3 - (0 + 3) - 3).
2
Calculate 9 + -11 + (-1 - 0).
-3
(-6 - -3) + 3 - (12 - 18)
6
What is (-3 + 1 - -6) + -8?
-4
Calculate 0 + -4 + -7 + 9 + -2.
-4
-6 - (-16 + 5 + 3)
2
What is the value of (1 - 0) + (-9 - -